{"id":902,"date":"2025-10-03T16:48:22","date_gmt":"2025-10-03T21:48:22","guid":{"rendered":"https:\/\/salesianos.pe\/history\/?page_id=902"},"modified":"2025-10-09T17:59:05","modified_gmt":"2025-10-09T22:59:05","slug":"el-colegio-salesiano-de-brena-en-su-historia","status":"publish","type":"page","link":"https:\/\/salesianos.pe\/history\/exposiciones\/el-colegio-salesiano-de-brena-en-su-historia\/","title":{"rendered":"El Colegio Salesiano de Bre\u00f1a en su historia"},"content":{"rendered":"\n<h3 class=\"wp-block-heading\"><strong>Galer\u00eda fotogr\u00e1fica<\/strong><\/h3>\n\n\n\n<p>El Colegio Salesiano de Bre\u00f1a es una de las instituciones escolares de mayor antig\u00fcedad y prestigio en el pa\u00eds. Su buen nombre es la suma de esfuerzos de diversas generaciones de salesianos, familias y educadores, unidos en el deseo de entregar a la Naci\u00f3n Peruana buenos cristianos y honrados ciudadanos. <\/p>\n\n\n\n<p>A 125 a\u00f1os de sus inicios como Secci\u00f3n Estudiantes de la casa salesiana de Bre\u00f1a, fundada el 6 de enero de 1900 por el padre Carlos Pane, el Archivo Hist\u00f3rico Salesiano del Per\u00fa se une a tan significativa celebraci\u00f3n presentando esta exposici\u00f3n fotogr\u00e1fica conmemorativa. <\/p>\n\n\n\n<p>Est\u00e1 compuesta por 125 fotograf\u00edas distribuidas en 4 galer\u00edas virtuales, y 10 impresas en gran formato. Esta muestra h\u00edbrida, que combina la virtualidad con la presencialidad, comprende tambi\u00e9n diez videos explicativos a los que el visitante presencial acceder\u00e1 mediante c\u00f3digos QR. <\/p>\n\n\n\n<p>As\u00ed, amalgamando la riqueza de nuestro patrimonio hist\u00f3rico fotogr\u00e1fico con las bondades de la tecnolog\u00eda contempor\u00e1nea, entregamos a la comunidad educativo pastoral del Colegio Salesiano San Francisco de Sales y a toda la Familia Salesiana en su conjunto esta ventana a una larga historia que hoy celebramos con admiraci\u00f3n y gratitud.<\/p>\n","protected":false},"excerpt":{"rendered":"<p>Galer\u00eda fotogr\u00e1fica El Colegio Salesiano de Bre\u00f1a es una de las instituciones escolares de mayor antig\u00fcedad y prestigio en el pa\u00eds. Su buen nombre es la suma de esfuerzos de diversas generaciones de salesianos, familias y educadores, unidos en el deseo de entregar a la Naci\u00f3n Peruana buenos cristianos y honrados ciudadanos. A 125 a\u00f1os<\/p>\n","protected":false},"author":3,"featured_media":0,"parent":897,"menu_order":0,"comment_status":"closed","ping_status":"closed","template":"","meta":{"footnotes":""},"class_list":["post-902","page","type-page","status-publish","hentry"],"jetpack_sharing_enabled":true,"jetpack-related-posts":[],"_links":{"self":[{"href":"https:\/\/salesianos.pe\/history\/wp-json\/wp\/v2\/pages\/902","targetHints":{"allow":["GET"]}}],"collection":[{"href":"https:\/\/salesianos.pe\/history\/wp-json\/wp\/v2\/pages"}],"about":[{"href":"https:\/\/salesianos.pe\/history\/wp-json\/wp\/v2\/types\/page"}],"author":[{"embeddable":true,"href":"https:\/\/salesianos.pe\/history\/wp-json\/wp\/v2\/users\/3"}],"replies":[{"embeddable":true,"href":"https:\/\/salesianos.pe\/history\/wp-json\/wp\/v2\/comments?post=902"}],"version-history":[{"count":8,"href":"https:\/\/salesianos.pe\/history\/wp-json\/wp\/v2\/pages\/902\/revisions"}],"predecessor-version":[{"id":1241,"href":"https:\/\/salesianos.pe\/history\/wp-json\/wp\/v2\/pages\/902\/revisions\/1241"}],"up":[{"embeddable":true,"href":"https:\/\/salesianos.pe\/history\/wp-json\/wp\/v2\/pages\/897"}],"wp:attachment":[{"href":"https:\/\/salesianos.pe\/history\/wp-json\/wp\/v2\/media?parent=902"}],"curies":[{"name":"wp","href":"https:\/\/api.w.org\/{rel}","templated":true}]}}